at is the value of (-300 - -300) + (-9 - -1)?
-8
Evaluate 12 + (0 - -8) + -8 - (3 - 1).
10
(-4 - -3) + 3 + (1 - 6)
-3
What is 15 + 4 + (-78 - -69)?
10
What is the value of -25 + (4 - (3 + -13))?
-11
What is the value of 4 + 15 + -5 - (8 - -11)?
-5
What is -7 - -7 - (0 + 4 - -7)?
-11
(-10 - (11 + -12)) + 9
0
Calculate -3 + (6 - 6) + 4 + -2.
-1
Calculate -12 - ((3 - (-7 + 6)) + -4).
-12
Calculate (2 - 8 - (-82 + 85)) + (1 - -15).
7
What is the value of 8 + (18 - 17) + 0 + 4?
13
Calculate 18 - (-2 - -6) - 30.
-16
What is the value of (-1 - 8) + 29 + 16?
36
What is the value of -7 + (2 - -8) - 2 - (2 + 1)?
-2
Evaluate -12 - (-54 + 36 - (-1 + 4)).
9
Evaluate (8 - -2 - (-3 + 4 + 7)) + -2.
0
Evaluate 2 + (22 + -48 - -42).
18
16 - (-11 - (7 - (23 - 3)))
14
Evaluate -32 + 15 + 13 + -4.
-8
Evaluate 29 - (-28 + (1 - -29)).
27
15 - -5 - (-37 + 59)
-2
What is the value of -13 - -6 - ((-12 - -11) + -18)?
12
What is (1 - 10) + (10 - 18 - -9) + 7?
-1
0 + 3 + (-1 - -5) + (8 - 15)
0
Calculate -30 + (17 + -9 - -3 - -2).
-17
What is -1 + 7 + (-20 + 56 - 32)?
10
Evaluate 53 + (-20 - 7) - 44.
-18
What is the value of (45 - 25) + -24 - (3 - 1)?
-6
Calculate -2 + (-39 - -19) + 7.
-15
Evaluate (-44 - -54) + (0 - 16) + 37.
31
Calculate (29 - 16) + -15 - (10 + -1).
-11
What is -101 + 96 - (0 + 0)?
-5
What is the value of (-8 - (0 + 9 + -6 - 8)) + -4?
-7
Calculate -26 - (-6 - (-11 - 2) - 10).
-23
Evaluate -13 - (-3 + 0 + -57 + 56).
-9
(24 - 11) + 0 + 2 + -4 - 9
2
What is the value of -13 - (19 + -40 + 10)?
-2
Calculate (13 - -9) + (11 - 26).
7
(-4 - 6 - -5 - 2) + 2
-5
(-10 - -13) + (0 - -8) + 15
26
Calculate 3 + -2 + 3 - ((15 - 28) + 16).
1
What is (12 - (-9 + (3 - 5))) + -7?
16
What is 22 + (-72 - (-7 + -25))?
-18
Calculate 5 - (25 + (12 - 6 - 20)).
-6
3 - 10 - (-2 + -16 + 13)
-2
What is the value of 3 - (0 - (5 - (-3 + 0 + 4)))?
7
What is 16 - -5 - (27 + -25)?
19
What is the value of 3 + (26 - (11 - (2 - (-4 - -3))))?
21
What is the value of 0 + 3 + -13 + (24 - 23)?
-9
What is the value of -37 + (-1 - (-2 + -23))?
-13
Evaluate (0 - 5) + -40 + 42.
-3
What is -4 - (4 + -8 - 2) - (0 - 9)?
11
Calculate 0 - (-2 - (-3 + (11 - 7))) - -32.
35
Evaluate (0 - 1) + 10 - (-396 - -407).
-2
Calculate -6 + 12 + (6 - -1 - 1).
12
Evaluate 5 + -3 - (132 - 132).
2
What is the value of 11 - (-6 + (-5 - -26))?
-4
Evaluate -3 - (-23 + 26) - -33.
27
What is -2 + (1 - (11 + 2 + -10 + 5))?
-9
What is the value of (-4 + -10 - -2) + -15 + -8 + 13?
-22
Evaluate 3 + 0 + (2 - 1) + -10 + -3.
-9
-4 - (-12 + 6 + -2 + -2 - -1)
5
Evaluate 12 - (0 - -7 - (-49 - -51) - 8).
15
What is the value of -19 - -11 - -16 - (-2 + (-7 - -2))?
15
-8 + 1 + -187 + 180 - -16
2
Calculate -12 + -5 + 0 + 5 + 28 + -33.
-17
Calculate (-5 - (-2 + 6)) + (-1 - -25).
15
-14 - (6 - (54 - (10 + -4)))
28
What is 22 + (-17 - (-9 + 8)) + -40?
-34
(6 - (4 + -7)) + -5
4
Evaluate 8 + -13 + -1 + 14.
8
Calculate (-3 + 2 - 10) + -35 + 40.
-6
What is the value of -9 - (11 - 25 - -22 - 5)?
-12
What is (-12 - (-10 + -8)) + (-1 - -1 - -6)?
12
What is the value of 80 + -70 + (0 - 3) + -25?
-18
Evaluate (-2 - -1 - -3 - 0) + (-540 - -553).
15
Calculate (-32 - -2) + 24 - 29.
-35
(-44 - -32) + 1 + 15 + (-4 - 5)
-5
-1 - (-23 - 17) - 20
19
What is (2 - 4) + (1 + 3 - (5 - 2))?
-1
What is 42 - 33 - (-13 - (-7 - -3))?
18
(-11 - (1 - -3) - -5) + -33 + 68
25
-4 + -1 + 13 + 14
22
What is 7 + 4 + -4 + 1 - -6?
14
What is the value of 5 + (-3 - (3 + -1)) + -47 + 38?
-9
Calculate -16 + (13 - (24 - 17)).
-10
Evaluate -16 + (-15 - -3 - -32).
4
-24 - -22 - 4 - (1 + 0 + -2)
-5
(-9 - 1) + -17 + -11 + 22
-16
(24 - 27) + (2 - -3)
2
What is the value of (2 - -2 - -2) + -28 + 12?
-10
Calculate 6 + -3 + 5 + -4.
4
Evaluate 27 + (-17 - 8) + 22.
24
Calculate 3 + (3 - (8 - (-4 - (-18 + 2)))).
10
Evaluate -11 + 1 - (-83 + 73).
0
Evaluate -4 - (-10 - -3) - (-89 - -93).
-1
Evaluate (-28 - (-23 - -7)) + -12 + 15.
-9
19 - 29 - 13 - -50
27
Calculate 6 + (6 - 0 - 11 - -14 - 7).
8
What is -1 + 0 - (-222 - -223)?
-2
What is -6 + 0 + (-23 - (-37 - (-1 - 17)))?
-10
Calculate (-12 + 30 - 17) + (0 - 2 - -5).
4
What is the value of 9 + -1 + -16 - -23?
15
What is the value of 3 - (10 - (3 - -12))?
8
What is the value of -14 + 0 + (0 - 1) + 68 + -65?
-12
Evaluate (-9 - -15) + -12 - -11 - (-1 + -2).
8
(16 - 29 - -10) + 12
9
Evaluate (-9 - 2) + (-214 - -234).
9
6 + (-1 - (23 + -35))
17
What is -2 - 21 - (147 + -209)?
39
What is -4 - 2 - (-12 + 9 + -12) - 7?
2
-9 - 2 - (-2 + (0 - 21))
12
What is -6 - 1 - (13 - (27 - 11))?
-4
What is (77 - 63) + 16 + 0 + -4?
26
Evaluate (-9 + -6 + 6 - (-4 + -1)) + 3.
-1
What is the value of 19 - ((4 - 9) + 13) - 3?
8
Calculate 25 - (17 + -29 - -21).
16
What is (-9 - (17 + -31 + 1)) + (8 - -2)?
14
Calculate -54 - (30 - 69) - 5.
-20
-20 + 25 - (-2 - -6)
1
Calculate -27 + -24 + 43 - -26.
18
Evaluate (6 - 2) + 2 + -1 + (-19 - -8).
-6
-13 + 17 + (4 - 2) + -1 + -17
-12
(5 + -2 - -13) + -4 - -9
21
Evaluate (0 - 6) + (-5 - 5 - (-3 + -5)).
-8
Calculate -27 - (18 + 24 + -65).
-4
What is the value of 31 + (6 - 5) + -32?
0
Calculate (11 + -5 - -1) + -10 - -15.
12
What is 14 + -17 + (-7 - -3) - (-11 + -2)?
6
Calculate 15 - (-9 + (7 - -8)).
9
Evaluate 2 + -1 + -3 + -4.
-6
Calculate 9 + -24 + 4 - (2 + -9).
-4
Calculate -2 - -1 - (0 + -5 + 2 + -2).
4
Evaluate -15 + (17 - (-5 + 9) - 22).
-24
What is 39 + 1 + (-30 - (29 + -45))?
26
What is (-4 - 0 - (9 + -5 + -3)) + -2?
-7
Calculate -11 + -5 + 1 + 10.
-5
(-11 - (-16 + 6)) + 6 + 1 + -5
1
What is (-4 - -8) + 31 + (7 - 13) + -3?
26
Calculate 17 + (-2 - -2) + (-31 + 15 - -17).
18
-15 - -6 - -17 - (-14 + (-1 - -4))
19
-4 + (12 - (54 - 25))
-21
Calculate 107 - 118 - (2 + 0 + -29).
16
What is the value of 23 + (23 - (9 - -16))?
21
10 - 1 - (24 + -17 + -15)
17
What is the value of 8 + (44 - 24 - (7 - -1) - 5)?
15
What is the value of (1044 - 1024) + (1 - -7)?
28
What is 0 + -23 - (154 + -180)?
3
Calculate -101 + 108 + (0 - (0 - -7)).
0
14 + (-2 + -3 - 21)
-12
What is the value of 15 + -13 + 3 + 1 - 3?
3
What is the value of 35 + -8 - 34 - ((4 - -1) + 1)?
-13
-12 - (-2 + -12) - 14 - 12
-24
Evaluate 6 + (58 + -13 - 25).
26
-13 - (-21 + (11 - 1) + -15)
13
Calculate -8 - -26 - 3 - (0 - -5) - -1.
11
(1 - (-2 + 5)) + 9 - 1 - -3
9
What is the value of (-19 + (37 - 17) - -6) + -13?
-6
What is the value of 6 - 5 - (5 + -4 - 19) - -1?
20
Evaluate -26 - ((16 - 6) + -32).
-4
What is 4 + 5 + 1 + (-13 - -20)?
17
What is -486 - -532 - (-3 - -42)?
7
12 + -14 + -3 + 2 - -6 - -7
10
Evaluate 1 + 4 + (-3 - 6) - (13 + -12).
-5
Calculate 3 - (0 - 1) - (-3 - 13 - -10).
10
Evaluate 25 - (-10 + 78) - -30.
-13
Calculate (11 + -17 - (1 - (3 - 5))) + -8.
-17
What is 1 + (-7 - (-43 + 15))?
22
Calculate (-2 - (-4 - (-8 + -6))) + (-1 - -6).
-7
-19 + (10 + -22 - -11)
-20
Calculate -1186 - -1173 - (1 + -45).
31
What is -2 + (1 + -2 + 18 + 0 - 2)?
13
Calculate 19 - (-12 - -66) - -43.
8
-7 - (13 + -4 + -1 + -4 + -8)
-3
What is the value of -7 - ((-6 - 1) + 17 + (19 - 36))?
0
What is -16 + -2 + 279 + -247 - -6?
20
What is the value of 3 + (26 - 7 - 24)?
-2
What is (-3 - -1) + (-2 - (2 - -6)) + -4?
-16
What is 24 + -1 + -20 + 1?
4
What is the value of 8 + (-7 + 6 - -5) - 7 - 7?
-2
Evaluate -5 + (0 - (-12 - (-3 - 6))).
-2
What is the value of (-4 + 8 - 5) + (11 - 3) + 0?
7
-18 - (-69 + 53 + (3 + -1 - -7))
-11
What is 1 - 0 - (-15 - 0 - (50 - 75))?
-9
Calculate 12 + 1 - (875 - 863).
1
What is 1 - (9 - 4 - (-4 + 4))?
-4
Evaluate 12 - 0 - (-120 + 127).
5
Calculate 6 - -2 - (-123 - -139).
-8
Calculate 9 + -21 + 3 + 1 + 10.
2
What is the value of 14 + -2 + 8 + (-4 - 5)?
11
Evaluate (3 + 3 - 0) + (-6 - 1) + 1.
0
What is the value of 0 + (3 - -5) + 7?
15
What is the value of 25 - 0 - 2 - (14 + 26 - 37)?
20
-9 + (-1 - -15) + -9 - -19
15
What is the value of 9 - (5 + 16 - (-12 + 19))?
-5
Calculate 1 + -9 + -12 + 15 + -11.
-16
Evaluate 20 + 8 + (-11 - 17).
0
What is 5 + 1 + (-18 - -20)?
8
-2 + (15 - 7 - 13)
-7
What is 0 + 7 + -6 - -8?
9
-5 + (14 - (4 - -4)) + -1
0
What is 23 + -15 + 4 + -15?
-3
326 + -309 + (-30 - 0)
-13
What is the value of -1 + 9 - (-4 + (-27 - -36))?
3
What is the value of 10 + 21 + (-9 - 16)?
6
Evaluate (1 - -12) + -60 + 61 + (-1 - 3).
10
What is 2 + -9 - -6 - (0 - 8 - 24)?
31
What is the value of 1 - -7 - (24 - (-28 + 57))?
13
-24 - -9 - -21 - -5 - -3
14
Wh